
761
List the prime factors of 3700.
2, 5, 37
List the prime factors of 1544.
2, 193
List the prime factors of 4024.
2, 503
What are the prime factors of 880?
2, 5, 11
What are the prime factors of 5857?
5857
List the prime factors of 10584.
2, 3, 7
List the prime factors of 60800.
2, 5, 19
List the prime factors of 890.
2, 5, 89
What are the prime factors of 6941?
11, 631
List the prime factors of 5928.
2, 3, 13, 19
List the prime factors of 71713.
71713
List the prime factors of 17954.
2, 47, 191
What are the prime factors of 28311?
3, 9437
What are the prime factors of 21057?
3, 7019
List the prime factors of 8504.
2, 1063
What are the prime factors of 444?
2, 3, 37
List the prime factors of 4051.
4051
What are the prime factors of 1133?
11, 103
List the prime factors of 9996.
2, 3, 7, 17
List the prime factors of 3138.
2, 3, 523
List the prime factors of 1506.
2, 3, 251
What are the prime factors of 33425?
5, 7, 191
What are the prime factors of 3171?
3, 7, 151
What are the prime factors of 166436?
2, 41609
What are the prime factors of 3101?
7, 443
List the prime factors of 2876.
2, 719
What are the prime factors of 8021?
13, 617
List the prime factors of 74114.
2, 37057
List the prime factors of 3200.
2, 5
List the prime factors of 13621.
53, 257
List the prime factors of 650.
2, 5, 13
List the prime factors of 8598.
2, 3, 1433
What are the prime factors of 24144?
2, 3, 503
What are the prime factors of 74027?
74027
List the prime factors of 3790.
2, 5, 379
What are the prime factors of 1171?
1171
List the prime factors of 8038.
2, 4019
What are the prime factors of 619?
619
List the prime factors of 36187.
36187
List the prime factors of 95888.
2, 13, 461
What are the prime factors of 752?
2, 47
What are the prime factors of 7704?
2, 3, 107
What are the prime factors of 857?
857
List the prime factors of 7458.
2, 3, 11, 113
What are the prime factors of 675?
3, 5
List the prime factors of 35930.
2, 5, 3593
List the prime factors of 10189.
23, 443
What are the prime factors of 14846?
2, 13, 571
List the prime factors of 102320.
2, 5, 1279
What are the prime factors of 29?
29
What are the prime factors of 4481?
4481
What are the prime factors of 877?
877
What are the prime factors of 32094?
2, 3, 1783
List the prime factors of 23390.
2, 5, 2339
What are the prime factors of 345?
3, 5, 23
List the prime factors of 16266.
2, 3, 2711
What are the prime factors of 1391?
13, 107
List the prime factors of 3987.
3, 443
What are the prime factors of 1855?
5, 7, 53
What are the prime factors of 12768?
2, 3, 7, 19
List the prime factors of 181104.
2, 3, 7, 11
What are the prime factors of 17466?
2, 3, 41, 71
What are the prime factors of 12750?
2, 3, 5, 17
List the prime factors of 2403.
3, 89
List the prime factors of 2338.
2, 7, 167
List the prime factors of 23765.
5, 7, 97
What are the prime factors of 12320?
2, 5, 7, 11
What are the prime factors of 455?
5, 7, 13
What are the prime factors of 34042?
2, 17021
List the prime factors of 12254.
2, 11, 557
What are the prime factors of 131?
131
List the prime factors of 17910.
2, 3, 5, 199
What are the prime factors of 2638?
2, 1319
What are the prime factors of 5149?
19, 271
What are the prime factors of 671?
11, 61
List the prime factors of 8206.
2, 11, 373
List the prime factors of 279.
3, 31
What are the prime factors of 33475?
5, 13, 103
What are the prime factors of 673?
673
What are the prime factors of 3043?
17, 179
What are the prime factors of 12252?
2, 3, 1021
List the prime factors of 11159.
11159
List the prime factors of 15627.
3, 5209
What are the prime factors of 5143?
37, 139
List the prime factors of 1869.
3, 7, 89
List the prime factors of 17533.
89, 197
What are the prime factors of 78231?
3, 89, 293
What are the prime factors of 31866?
2, 3, 47, 113
What are the prime factors of 24135?
3, 5, 1609
List the prime factors of 11785.
5, 2357
What are the prime factors of 55897?
55897
What are the prime factors of 321?
3, 107
List the prime factors of 8665.
5, 1733
What are the prime factors of 34531?
7, 4933
List the prime factors of 973.
7, 139
List the prime factors of 11480.
2, 5, 7, 41
What are the prime factors of 1801?
1801
What are the prime factors of 15832?
2, 1979
What are the prime factors of 214?
2, 107
What are the prime factors of 36956?
2, 9239
List the prime factors of 145.
5, 29
What are the prime factors of 11566?
2, 5783
What are the prime factors of 54858?
2, 3, 41, 223
List the prime factors of 132.
2, 3, 11
What are the prime factors of 15291?
3, 1699
What are the prime factors of 6024?
2, 3, 251
List the prime factors of 291.
3, 97
List the prime factors of 5961.
3, 1987
List the prime factors of 1150.
2, 5, 23
What are the prime factors of 4956?
2, 3, 7, 59
List the prime factors of 2983.
19, 157
List the prime factors of 1625.
5, 13
List the prime factors of 167003.
23, 53, 137
List the prime factors of 822.
2, 3, 137
What are the prime factors of 36124?
2, 11, 821
List the prime factors of 2226.
2, 3, 7, 53
List the prime factors of 4607.
17, 271
List the prime factors of 87544.
2, 31, 353
What are the prime factors of 27599?
11, 13, 193
What are the prime factors of 1104?
2, 3, 23
What are the prime factors of 1236?
2, 3, 103
What are the prime factors of 1461?
3, 487
List the prime factors of 6570.
2, 3, 5, 73
What are the prime factors of 3762?
2, 3, 11, 19
What are the prime factors of 991?
991
What are the prime factors of 4145?
5, 829
List the prime factors of 3339.
3, 7, 53
What are the prime factors of 138243?
3, 7, 29, 227
List the prime factors of 48412.
2, 7, 13, 19
List the prime factors of 51261.
3, 7, 2441
What are the prime factors of 1022?
2, 7, 73
What are the prime factors of 6085?
5, 1217
What are the prime factors of 85?
5, 17
List the prime factors of 527.
17, 31
List the prime factors of 4561.
4561
List the prime factors of 4939.
11, 449
What are the prime factors of 12212?
2, 43, 71
What are the prime factors of 10783?
41, 263
List the prime factors of 29769.
3, 9923
What are the prime factors of 104558?
2, 23, 2273
What are the prime factors of 1017?
3, 113
What are the prime factors of 2075?
5, 83
List the prime factors of 63061.
19, 3319
List the prime factors of 19644.
2, 3, 1637
What are the prime factors of 1339?
13, 103
List the prime factors of 20282.
2, 10141
What are the prime factors of 1020?
2, 3, 5, 17
What are the prime factors of 5816?
2, 727
What are the prime factors of 11814?
2, 3, 11, 179
List the prime factors of 90218.
2, 79, 571
What are the prime factors of 33944?
2, 4243
List the prime factors of 2349.
3, 29
List the prime factors of 59006.
2, 163, 181
What are the prime factors of 11271?
3, 13, 17
What are the prime factors of 217?
7, 31
What are the prime factors of 15396?
2, 3, 1283
List the prime factors of 14134.
2, 37, 191
What are the prime factors of 3939?
3, 13, 101
List the prime factors of 104199.
3, 47, 739
List the prime factors of 58294.
2, 29147
What are the prime factors of 18183?
3, 11, 19, 29
List the prime factors of 571.
571
What are the prime factors of 2529?
3, 281
List the prime factors of 17567.
11, 1597
What are the prime factors of 576?
2, 3
List the prime factors of 9881.
41, 241
List the prime factors of 167.
167
What are the prime factors of 21283?
21283
List the prime factors of 90282.
2, 3, 41, 367
What are the prime factors of 8400?
2, 3, 5, 7
List the prime factors of 1777.
1777
List the prime factors of 6863.
6863
List the prime factors of 42777.
3, 7, 97
List the prime factors of 25682.
2, 12841
What are the prime factors of 169?
13
List the prime factors of 42.
2, 3, 7
What are the prime factors of 5664?
2, 3, 59
List the prime factors of 2458.
2, 1229
List the prime factors of 13983.
3, 59, 79
List the prime factors of 15372.
2, 3, 7, 61
List the prime factors of 1284.
2, 3, 107
What are the prime factors of 6476?
2, 1619
What are the prime factors of 13036?
2, 3259
List the prime factors of 2487.
3, 829
List the prime factors of 1129.
1129
What are the prime factors of 53?
53
What are the prime factors of 54162?
2, 3, 17, 59
List the prime factors of 53718.
2, 3, 7, 1279
List the prime factors of 983.
983
List the prime factors of 27400.
2, 5, 137
List the prime factors